{"id":2428,"date":"2026-02-01T22:37:05","date_gmt":"2026-02-01T22:37:05","guid":{"rendered":"https:\/\/my-joolz.cz\/?page_id=2428"},"modified":"2026-02-16T10:34:02","modified_gmt":"2026-02-16T10:34:02","slug":"kontakt","status":"publish","type":"page","link":"https:\/\/my-joolz.cz\/?page_id=2428","title":{"rendered":"Kontakt"},"content":{"rendered":"<div><b>Baby Group s.r.o.<\/b><\/div>\n<div><\/div>\n<div><img loading=\"lazy\" decoding=\"async\" src=\"https:\/\/my-joolz.cz\/wp-content\/uploads\/2026\/02\/babygroup_crystalbaby_holesov-679x500.jpg\" style=\"font-family: inherit;width: 486px;height: 357.879px\" class=\"rte-img-align-right\" width=\"486\" height=\"358\"><\/p>\n<div>M\u00e1te dotazy? Zavolejte n\u00e1m nebo n\u00e1m napi\u0161te na uveden\u00e9 kontakty n\u00ed\u017ee.&nbsp;<\/div>\n<div>R\u00e1di V\u00e1m pom\u016f\u017eeme jak s v\u00fdb\u011brem produkt\u016f, tak s mo\u017enost\u00ed spolupr\u00e1ce s na\u0161\u00ed spole\u010dnost\u00ed.<\/div>\n<div><span style=\"font-family: inherit\">&nbsp;<\/span><\/div>\n<div><span style=\"font-family: inherit\">Telefon \u010cR: +420 775 688 844&nbsp;<\/span><\/div>\n<div><span style=\"font-family: inherit\">Telefon SK: +421 948 682 910&nbsp;<\/span><\/div>\n<div>Telefon fakturace a expedice: +420 733642558<\/div>\n<div>E-mail: info@babygroup.cz<\/div>\n<div><b style=\"font-family: inherit\">&nbsp;<\/b><\/div>\n<div><b style=\"font-family: inherit\">Velkoobchod a v\u00fddejna objedn\u00e1vek z Crystalbaby&nbsp;<\/b><\/div>\n<div>Masarykova 968<\/div>\n<div>76901 Hole\u0161ov<\/div>\n<div>\u010cesk\u00e1 republika<\/div>\n<div>Provozn\u00ed doba: Po &#8211; P\u00e1, 7:00 &#8211; 15:30<\/div>\n<div>(v\u00fddej objedn\u00e1vek po p\u0159edchoz\u00ed domluv\u011b)&nbsp;<\/div>\n<div>Telefon: +420 573 506 416<\/div>\n<div>&nbsp;<\/div>\n<div>I\u010c: 27706567<\/div>\n<div>DI\u010c: CZ27706567<\/div>\n<div>Spole\u010dnost je zapsan\u00e1 v obchodn\u00edm rejst\u0159\u00edku u m\u011bstsk\u00e9ho soudu v Brn\u011b v odd\u00edlu C,&nbsp;<\/div>\n<div>vlo\u017ece \u010d\u00edslo 53469.<\/div>\n<div>&nbsp;<\/div>\n<div>Banka: \u010cSOB<\/div>\n<div>\u010c\u00edslo \u00fa\u010dtu: 211414019\/0300<\/div>\n<\/div>\n<div><span style=\"font-family: inherit\">&nbsp;<\/span><\/div>\n<div><span style=\"font-family: inherit\"><b>Firemn\u00ed adresa:<\/b><\/span><\/div>\n<div>Pr\u016fmyslov\u00e1 z\u00f3na<\/div>\n<div>Hole\u0161ovsk\u00e1 1909, 76901 Hole\u0161ov<\/div>\n<div>\u010cesk\u00e1 republika<\/div>\n<div><\/div>\n<div><a href=\"https:\/\/www.google.com\/maps\/dir\/\/Hole%C5%A1ovsk%C3%A1+1909,+769+01+Hole%C5%A1ov\/data=!4m6!4m5!1m1!4e2!1m2!1m1!1s0x471309ed764c40af:0xb2e043e7085d1db1?sa=X&amp;ved=1t:707&amp;ictx=111\">Otev\u0159\u00edt na map\u011b<\/a><\/div>\n","protected":false},"excerpt":{"rendered":"<p>Baby Group s.r.o. M\u00e1te dotazy? Zavolejte n\u00e1m nebo n\u00e1m napi\u0161te na uveden\u00e9 kontakty n\u00ed\u017ee.&nbsp; R\u00e1di V\u00e1m pom\u016f\u017eeme jak s v\u00fdb\u011brem produkt\u016f, tak s mo\u017enost\u00ed spolupr\u00e1ce s na\u0161\u00ed spole\u010dnost\u00ed. &nbsp; Telefon \u010cR: +420 775 688 844&nbsp; Telefon SK: +421 948 682 910&nbsp; Telefon fakturace a expedice: +420 733642558 E-mail: info@babygroup.cz &nbsp; Velkoobchod a v\u00fddejna objedn\u00e1vek z [&hellip;]<\/p>\n","protected":false},"author":1,"featured_media":0,"parent":58,"menu_order":0,"comment_status":"closed","ping_status":"closed","template":"","meta":{"_acf_changed":false,"footnotes":""},"class_list":["post-2428","page","type-page","status-publish","hentry"],"acf":[],"_links":{"self":[{"href":"https:\/\/my-joolz.cz\/index.php?rest_route=\/wp\/v2\/pages\/2428","targetHints":{"allow":["GET"]}}],"collection":[{"href":"https:\/\/my-joolz.cz\/index.php?rest_route=\/wp\/v2\/pages"}],"about":[{"href":"https:\/\/my-joolz.cz\/index.php?rest_route=\/wp\/v2\/types\/page"}],"author":[{"embeddable":true,"href":"https:\/\/my-joolz.cz\/index.php?rest_route=\/wp\/v2\/users\/1"}],"replies":[{"embeddable":true,"href":"https:\/\/my-joolz.cz\/index.php?rest_route=%2Fwp%2Fv2%2Fcomments&post=2428"}],"version-history":[{"count":14,"href":"https:\/\/my-joolz.cz\/index.php?rest_route=\/wp\/v2\/pages\/2428\/revisions"}],"predecessor-version":[{"id":2759,"href":"https:\/\/my-joolz.cz\/index.php?rest_route=\/wp\/v2\/pages\/2428\/revisions\/2759"}],"up":[{"embeddable":true,"href":"https:\/\/my-joolz.cz\/index.php?rest_route=\/wp\/v2\/pages\/58"}],"wp:attachment":[{"href":"https:\/\/my-joolz.cz\/index.php?rest_route=%2Fwp%2Fv2%2Fmedia&parent=2428"}],"curies":[{"name":"wp","href":"https:\/\/api.w.org\/{rel}","templated":true}]}}